st derivative of 5*x + 2*x**3 - 7/2*x**2 - 1/4*x**4 + 9. Let f(a) = a - 1. Let v be f(6). Give w(v).
-5
Let r(d) = -3*d - 30. Suppose 3*z - 1 = 4*n, -61 = 4*z + 4*n - 25. Calculate r(z).
-15
Let p(c) = 5*c**3 + c. Let o(x) = -19 + 5*x + 2*x - x - 8*x. Let r be o(-10). Give p(r).
6
Let t(c) be the first derivative of -c**2/2 - 9*c - 2. Suppose 4*h = 5*h. Determine t(h).
-9
Suppose b = 4*b - 6. Let m(g) = g + 5*g - 5*g + 2*g**2 - 4*g + b. Determine m(2).
4
Let z(g) = -3 - 67*g**3 + 70*g**3 - 2*g + 4 + 2*g**2 + 0*g. Let v = -5 + 8. Suppose -3*c = 4*r + 9, -3*c + v*r + 9 = r. What is z(c)?
4
Suppose 5*v = q + 3*v + 7, 3*q - 14 = -v. Let n(y) = 4*y**2 - 3*y**2 - q*y + 54 - 56. Give n(2).
-4
Let b(o) be the first derivative of 3*o**2/2 - 7*o - 9. Determine b(-6).
-25
Suppose 3*h + 15 = 2*n + 14, 4*n = -h - 5. Let g(t) = -24*t**2 + 2*t + 2. Determine g(h).
-24
Let t(b) = -b. Let y(v) = -5*v. Let w(h) = -6*h. Let s(g) = -6*w(g) + 9*y(g). Let z(u) = 4*s(u) - 33*t(u). Give z(-6).
18
Suppose -36 = -2*y - 3*y - l, -9 = -y - 2*l. Let s(o) = -o + y - 5 - 6. Give s(-5).
1
Suppose 0 = 4*m - 5*u + 13, -5*m - 5*u - 7 = -2*u. Let x be 4/m + -2 + 1. Let k(y) be the second derivative of -y**3/6 - 3*y**2/2 + 10*y. Give k(x).
0
Suppose 3*r + 0*r = -18. Let h be r*(-6)/(-2)*-1. Suppose 4*u - h = 6. Let y(j) = -j**2 + 6*j - 2. Determine y(u).
-2
Let v = 35 - 40. Let y be 5 + -2 + -1 + 1. Let d(p) = -p - 3 + 7*p**2 + p**y + p**2 - 3*p**2. What is d(v)?
2
Let z = 40 + -38. Let g(s) = 3*s**z + 4*s - 4*s**2 + 3*s**2 - 5*s**2 - 2. Suppose 5*w = 3*h + 4, 5*h + 2*w - w - 12 = 0. Calculate g(h).
-6
Let k(w) be the first derivative of -8 + 1/4*w**4 + 2*w + 2/3*w**3 - 3/2*w**2. Give k(-3).
2
Let z(r) be the second derivative of -r**5/20 + 13*r**4/12 + r**3/6 - 31*r**2/2 - 121*r + 1. What is z(13)?
-18
Let a(u) = u + 1. Suppose 2 - 6 = -2*m. Suppose -3*s + 4*y - 11 = 0, 0*s + m*y - 1 = -3*s. What is a(s)?
0
Suppose -t = k + 8, 3 - 5 = t - 2*k. Let o(f) = 3*f + 14. What is o(t)?
-4
Let c(v) = 5*v + 42. Let h be c(-7). Let f(b) = b**3 - 6*b**2 - 8*b - 5. Give f(h).
-12
Let f(x) be the second derivative of -x**4/12 - 2*x**3/3 - 3*x**2/2 - 2*x. Let w be (66/8)/(-3)*8. Let m = w - -19. Calculate f(m).
0
Let h(g) = g**2 - 9*g + 7. Let q = 20 - 13. Calculate h(q).
-7
Let u(a) be the third derivative of -a**6/120 - a**5/12 + 7*a**4/24 + 7*a**3/6 + 2*a**2. Let z be 8/((-2 - 1) + 5). Let s be (z/2)/((-13)/39). Calculate u(s).
1
Let c(b) = 245*b + 975. Let z be c(-4). Let x(t) be the second derivative of t**3/6 - 5*t**2/2 - t. What is x(z)?
-10
Let p(k) = -k**2 + k - 6. Let n(a) = a**3 + 4*a**2 + 2*a - 1. Let v be n(-3). Suppose -v*q = q. What is p(q)?
-6
Let d(g) = 4. Let p(h) = -h - 1. Let j(r) = r**3 + 8*r**2 - 8*r + 7. Let w be j(-9). Let v(m) = w*p(m) - d(m). What is v(7)?
12
Let g(s) be the second derivative of 0 + 1/20*s**5 - 1/6*s**3 + 4*s**2 - 1/12*s**4 + s. What is g(0)?
8
Let d = 36 - 9. Suppose 13*i - 25 = d. Let w(n) = n**2 - n. Give w(i).
12
Let d = 40 - 20. Suppose 5*v + o - d = 3*o, -2*o + 4 = v. Suppose v*z = -0*z - 4. Let q(l) = -6*l**2 - l. Determine q(z).
-5
Let t(b) = b**2 + b. Let l(v) = -v + 7. Let s be l(5). Let x(u) = -9*u**2 + 2*u + 1. Let z(i) = s*t(i) - x(i). Give z(1).
10
Let q(l) = -5*l - 36 + 12 + 9 + 3 + 11. What is q(1)?
-6
Let p(l) = 2*l**3 + 110*l**2 - 112*l + 3. Let u be p(-56). Let h(y) be the third derivative of -7/12*y**4 + 6*y**2 + 0*y**u + 0 + 0*y. Calculate h(1).
-14
Suppose 4*z = 40 - 8. Let g(q) = -20*q + z*q - 1 + 6*q. Let f = -10 - -9. Calculate g(f).
5
Let a(s) = 52*s**2 + 3 - 1 - 51*s**2 - 13*s. Give a(9).
-34
Let q be 30/(-6)*(-6)/(18/3). Let p(k) = -k + 4. Give p(q).
-1
Let h(s) = 5*s + 12. Suppose 12*w - v + 17 = 15*w, -3*w = 4*v - 23. Calculate h(w).
37
Let w(b) = -7*b + 34. Let c be w(4). Let l(m) = -2*m**2 + 8*m + 4. Calculate l(c).
-20
Let o(x) = 387*x - 19 + 2*x**2 - 367*x + 0*x**2. What is o(-11)?
3
Let m(c) = -4*c**3 - c**2 + c - 1. Suppose -76*q - 33 = 119. Give m(q).
25
Let n(d) = 76*d + 74*d - 229*d + 78*d - 1. Let o(f) = f**3 + 2*f**2 + 1. Let t be o(-2). Determine n(t).
-2
Let l(w) = 11*w - 1. Let s(u) = 2*u + 1. Let m(o) = l(o) - 5*s(o). What is m(17)?
11
Let k(w) = 2*w + 42. Suppose 0 = -6*h - 22 - 80. Determine k(h).
8
Let h(g) = g**2 - 15*g - 1. Let d(x) = 2*x**2 - 27*x - 3. Let r(o) = 3*d(o) - 5*h(o). Calculate r(6).
-4
Let y(o) = o**3 - 6*o**2 - 7*o + 4. Let z be y(7). Suppose -3*l - 9 = -i + z, -5*l - 3 = 3*i. Let c(n) = -n**3 + 5*n**2 - 3*n + 2. What is c(i)?
6
Let s(m) = m**3 + m**2 - 3*m + 4. Let l(g) = -4*g**2 + 2*g - 1. Suppose -2*t + 18 - 16 = 0. Let j be l(t). Calculate s(j).
-5
Let z be (-273)/(-28)*28/3. Let i = 96 - z. Let p(y) = -y**3 + 4*y**2 + 8*y - 7. Calculate p(i).
8
Let a(r) = 151 + 6*r - 72 - r**3 - 4*r**2 - 77. Determine a(-5).
-3
Let z(s) = 10*s**3 - 4*s**3 - 6 + 8*s + 0*s**3 - 3*s**3 - 8*s**2 - 2*s**3. Let g = 24 - 17. Determine z(g).
1
Let s(b) = 4 - b - 2*b - b**2 + 0*b**2. Let a(h) = -27*h**2 - 1 + 2*h + 5*h**3 - 4*h**3 + 23*h**2. Let j be a(3). What is s(j)?
0
Let w(u) = 15*u**2 - 3*u + 2. Let n be w(1). Suppose -y - 5*k - 41 = 0, y + 22 + 15 = -4*k. Let v = n + y. Let q(r) = r + 4. Give q(v).
-3
Let d(a) = -3*a - 6. Let y(g) = -6*g - 13. Let u = -3 + 8. Let v(k) = u*d(k) - 3*y(k). Let z(x) = -2*x**2 - x. Let w be z(-2). What is v(w)?
-9
Let j(g) = -4*g - g + 14*g - g**3 + 6 - 8*g**2. Determine j(-9).
6
Let d(h) = 4*h**3 - 16*h**2 - 5*h + 6. Let t(b) = 5*b**3 - 20*b**2 - 4*b + 7. Let j(g) = 4*d(g) - 3*t(g). Give j(5).
-12
Suppose 69 = -0*b + 23*b. Let o(i) = -4*i - 1. Calculate o(b).
-13
Let v(s) = s**2 + 8*s + 15. Let m(a) = -6*a**2 - 41*a - 77. Let g(z) = -2*m(z) - 11*v(z). What is g(8)?
5
Let n(v) = -2*v**2 + 3*v + 3. Suppose -9*c = -19*c + 20. Give n(c).
1
Let t be 4/(-10) - 65/25. Let f(g) = g**3 + 4*g**2 + 2*g + 3. Let x be f(t). Let b(o) = -11*o + 7 + x*o + 4*o. What is b(5)?
2
Suppose -4*n = -2*n - 4. Suppose -2 = -n*b - 12. Let r(g) be the third derivative of g**4/24 + g**3/2 + 71*g**2 + g. Give r(b).
-2
Let q(l) = -l**3 - 2*l**2 + 5*l + 5. Suppose -2*s = 8, 4*y + 4*s = 7*y - 22. Suppose 2*j + 5*c - 12 = 5, -2*j - 2*c = -y. Give q(j).
17
Let c(g) = 6*g + 62. Let o be 1/(-1)*(7 + 4). Determine c(o).
-4
Let w(m) be the second derivative of -m**5/4 - m**4/12 - m**3/6 - 5*m - 16. Let k = 1 + -2. Let o be k + (2/(-1) - -2). What is w(o)?
5
Suppose 5*g = -2*q + 6*g + 14, 2*q = -5*g - 10. Suppose -q*h = 4*x - 23 - 23, 0 = 2*x - 8. Let s(t) = -t**3 + 8*t**2 - 9*t. Give s(h).
18
Let z(r) be the second derivative of r**5/20 - 5*r**4/12 + r**3/2 - 2*r**2 + 36*r. What is z(5)?
11
Suppose 58*o - 53*o - 6 = -4*u, -5*u - 2*o + 16 = 0. Let f(p) = p**3 - 4*p**2 - 2*p - 6. Calculate f(u).
-14
Let v(f) be the third derivative of -f**6/120 + f**5/4 + 2*f**4/3 - 5*f**3/6 - 7*f**2 - 10. Give v(16).
-5
Let z(y) = -4*y + 6. Suppose -267 = 8*b - 203. Calculate z(b).
38
Let x(c) be the second derivative of c**5/10 - c**4/6 - c**3/6 - c**2/2 - 143*c. Let u(w) = -w**2 + 2. Let t be u(0). Calculate x(t).
5
Let d = 39 - 34. Suppose -d*z = 25, 5*l - 5*z = 2*l + 43. Suppose 41*s - l = 44*s. Let i(n) = n**3 + 3*n**2 + 2*n - 2. Determine i(s).
-2
Suppose -19*i - 9 = -16*i. Let a = 5 - 5. Let y(p) = 0*p - p + a + 3. What is y(i)?
6
Let w(l) = l**2 - 9*l + 9. Let d = -10 + 15. Suppose -2*b - 25 = -7*b, 5*p - d*b = 5. Give w(p).
-9
Suppose 2*d - 7 = -7*s + 2*s, 0 = 3*d + 2*s + 6. Let c(q) be the third derivative of -q**5/60 - q**4/3 - q**3/2 - 4*q**2 - 5*q. What is c(d)?
13
Suppose f - 1 = -4. Let d(b) = 4*b**2 + b**3 + 18 + 2*b - 5 - 16. Determine d(f).
0
Let i(u) be the first derivative of 1/4*u**4 + 7 - 2/3*u**3 - 3*u**2 + u. Calculate i(4).
9
Let b = 90 + -83. Let z(t) = -2*t - 2 - 3*t**3 - 2*t - b*t**2 - 2*t + 4*t**3. Determine z(8).
14
Let d(g) = g**2 - 9*g. Suppose 388*f - 45 = 383*f. What is d(f)?
0
Let y(t) = t + 5. Let i(g) = -g**2 + 19. Let k be i(-4). Calculate y(k).
8
Let x be ((-36)/(-8))/(6/(-40)). Let i = -40 - x. Let m = -11 - i. Let q(b) = -11*b**2 + b. Calculate q(m).
-12
Let f(n) = -5*n**3 - 8*n**2 + 6*n - 15. Let l(x) = 6*x**3 + 8*x**2 - 7*x + 14. Let z(m) = -5*f(m) - 4*l(m). Determine z(-8).
35
Let i(n) = -6*n + 7. Let m(z) be the third derivative of 5*z**4/24 - z**3 + 5*z**2. Let r(u) = -6*i(u) -